illions digit of 24011718?
2
What is the hundred thousands digit of 429924731?
9
What is the millions digit of 42671140?
2
What is the thousands digit of 111651535?
1
What is the hundreds digit of 2400056250?
2
What is the billions digit of 1941630182?
1
What is the billions digit of 2175895346?
2
What is the hundred thousands digit of 450114302?
1
What is the ten millions digit of 343321477?
4
What is the ten thousands digit of 13374516?
7
What is the hundreds digit of 177934901?
9
What is the thousands digit of 3580850077?
0
What is the thousands digit of 279820426?
0
What is the units digit of 60262996?
6
What is the units digit of 4778131098?
8
What is the hundred millions digit of 982106381?
9
What is the hundreds digit of 745557031?
0
What is the tens digit of 42909572?
7
What is the ten millions digit of 3650319098?
5
What is the hundreds digit of 87403201?
2
What is the ten millions digit of 26069842?
2
What is the thousands digit of 189074979?
4
What is the thousands digit of 5372777514?
7
What is the hundreds digit of 3892897950?
9
What is the ten thousands digit of 3139918948?
1
What is the hundreds digit of 36910259?
2
What is the units digit of 243724141?
1
What is the hundreds digit of 6560516497?
4
What is the ten millions digit of 21843293?
2
What is the ten thousands digit of 440269383?
6
What is the units digit of 185419678?
8
What is the millions digit of 49598868?
9
What is the millions digit of 222565841?
2
What is the units digit of 366001405?
5
What is the hundred thousands digit of 955947272?
9
What is the ten millions digit of 164106502?
6
What is the millions digit of 53837227?
3
What is the thousands digit of 277362342?
2
What is the ten millions digit of 4205410552?
0
What is the millions digit of 102647077?
2
What is the millions digit of 115761424?
5
What is the millions digit of 416321086?
6
What is the hundred thousands digit of 888460722?
4
What is the hundred millions digit of 540565637?
5
What is the hundred thousands digit of 8506687?
5
What is the units digit of 192890239?
9
What is the millions digit of 447786527?
7
What is the thousands digit of 7728055?
8
What is the millions digit of 88021038?
8
What is the hundreds digit of 18613197?
1
What is the thousands digit of 2565584072?
4
What is the hundreds digit of 99907274?
2
What is the tens digit of 1271766321?
2
What is the hundreds digit of 313413428?
4
What is the hundred thousands digit of 189794093?
7
What is the hundred thousands digit of 100935866?
9
What is the tens digit of 56865197?
9
What is the thousands digit of 256414222?
4
What is the ten thousands digit of 49816039?
1
What is the ten thousands digit of 440164616?
6
What is the hundred millions digit of 570191986?
5
What is the ten thousands digit of 8332596?
3
What is the units digit of 54844328?
8
What is the hundred thousands digit of 47541390?
5
What is the hundred thousands digit of 75288406?
2
What is the tens digit of 244052682?
8
What is the ten thousands digit of 74835123?
3
What is the thousands digit of 29102646?
2
What is the thousands digit of 265461120?
1
What is the thousands digit of 818143069?
3
What is the hundred thousands digit of 3057360?
0
What is the hundred millions digit of 4173985234?
1
What is the hundred thousands digit of 396323995?
3
What is the thousands digit of 177198129?
8
What is the tens digit of 550656334?
3
What is the hundred millions digit of 646137104?
6
What is the tens digit of 2088723?
2
What is the hundred thousands digit of 110921409?
9
What is the hundred thousands digit of 1874916393?
9
What is the tens digit of 38212815?
1
What is the millions digit of 1791226214?
1
What is the millions digit of 23755326?
3
What is the ten thousands digit of 3472746834?
4
What is the units digit of 154004984?
4
What is the hundred thousands digit of 196202144?
2
What is the billions digit of 1541638532?
1
What is the hundred millions digit of 665934904?
6
What is the hundred thousands digit of 86484179?
4
What is the hundred millions digit of 369594932?
3
What is the hundred millions digit of 907241566?
9
What is the hundreds digit of 200572489?
4
What is the ten thousands digit of 46759645?
5
What is the millions digit of 43567314?
3
What is the ten thousands digit of 7470450086?
5
What is the millions digit of 2744541415?
4
What is the ten millions digit of 38425029?
3
What is the tens digit of 29388611?
1
What is the units digit of 1010336012?
2
What is the hundred millions digit of 1218978156?
2
What is the hundred millions digit of 3607265733?
6
What is the hundred millions digit of 6036710745?
0
What is the tens digit of 16904771?
7
What is the millions digit of 2743038699?
3
What is the units digit of 530267194?
4
What is the millions digit of 213292500?
3
What is the millions digit of 61511700?
1
What is the hundred millions digit of 187832251?
1
What is the units digit of 1155756950?
0
What is the millions digit of 29091939?
9
What is the tens digit of 1580057952?
5
What is the hundreds digit of 40329181?
1
What is the tens digit of 131313205?
0
What is the units digit of 584959?
9
What is the ten thousands digit of 251648801?
4
What is the hundred thousands digit of 276486850?
4
What is the units digit of 34187208?
8
What is the hundred thousands digit of 605175119?
1
What is the ten thousands digit of 940112522?
1
What is the tens digit of 5781673?
7
What is the tens digit of 902860732?
3
What is the millions digit of 492745981?
2
What is the hundreds digit of 5909046080?
0
What is the tens digit of 46511074?
7
What is the hundred thousands digit of 28924731?
9
What is the millions digit of 6624860?
6
What is the units digit of 120697526?
6
What is the ten thousands digit of 238585187?
8
What is the units digit of 1410559291?
1
What is the tens digit of 5361343?
4
What is the ten thousands digit of 3720584485?
8
What is the tens digit of 3511987785?
8
What is the thousands digit of 53603716?
3
What is the ten millions digit of 1504499077?
0
What is the billions digit of 2789300349?
2
What is the ten thousands digit of 12445836?
4
What is the thousands digit of 1257315350?
5
What is the units digit of 46356595?
5
What is the hundreds digit of 4825970459?
4
What is the units digit of 3155366649?
9
What is the hundreds digit of 1928395279?
2
What is the thousands digit of 69314765?
4
What is the millions digit of 3620696571?
0
What is the billions digit of 1107392040?
1
What is the hundred thousands digit of 480280075?
2
What is the hundred thousands digit of 541152748?
1
What is the ten millions digit of 163188776?
6
What is the hundreds digit of 330746668?
6
What is the thousands digit of 19103935?
3
What is the ten thousands digit of 340398415?
9
What is the tens digit of 8289139022?
2
What is the ten thousands digit of 42775986?
7
What is the ten thousands digit of 58418771?
1
What is the ten millions digit of 2195535049?
9
What is the thousands digit of 69895063?
5
What is the units digit of 103300093?
3
What is the units digit of 47030545?
5
What is the ten thousands digit of 1448804371?
0
What is the ten thousands digit of 64258547?
5
What is the billions digit of 1080905159?
1
What is the millions digit of 216649785?
6
What is the units digit of 7542678054?
4
What is the hundred thousands digit of 130525630?
5
What is the hundreds digit of 5882601373?
3
What is the hundreds digit of 12985750?
7
What is the tens digit of 1019852450?
5
What is the thousands digit of 2968405513?
5
What is the ten millions digit of 5036798483?
3
What is the hundreds digit of 108856488?
4
What is the thousands digit of 110482355?
2
What is the hundred thousands digit of 6530001669?
0
What is the tens digit of 61094916?
1
What is the ten millions digit of 157228499?
5
What is the tens digit of 45533399?
9
What is the hundred thousands digit of 73429867?
4
What is the thousands digit of 7822542744?
2
What is the hundred thousands digit of 18987788?
9
What is the ten thousands digit of 24325322?
2
What is the millions digit of 574241454?
4
What is the units digit of 33346143?
3
What is the thousands digit of 2211158269?
8
What is the tens digit of 4039729829?
2
What is the hundred thousands digit of 43734429?
7
What is the hundreds digit of 19467961?
9
What is th